
2188
Convert 930 (base 12) to base 7.
3612
What is -d479 (base 14) in base 7?
-211412
What is 41652 (base 7) in base 10?
10278
Convert -54043 (base 7) to base 9.
-20347
What is 25495 (base 11) in base 15?
ac50
What is 1110100000 (base 2) in base 6?
4144
Convert 5024 (base 10) to base 15.
174e
Convert -2120 (base 7) to base 10.
-749
What is 10630 (base 9) in base 13?
32b2
41232 (base 5) to base 4
222010
What is 1499 (base 11) in base 9?
2566
13120 (base 5) to base 10
1035
Convert -da (base 16) to base 2.
-11011010
19d0 (base 14) to base 4
1021102
Convert 276 (base 11) to base 3.
110001
Convert -64756 (base 8) to base 3.
-1101012101
Convert 10000100010001 (base 2) to base 10.
8465
Convert 3267 (base 8) to base 13.
a23
What is -186 (base 12) in base 7?
-501
What is 122141 (base 5) in base 14?
19b9
Convert -32257 (base 9) to base 2.
-101001101101011
64 (base 15) to base 8
136
Convert -52 (base 8) to base 6.
-110
What is 134403 (base 5) in base 9?
7615
Convert -1516b (base 12) to base 5.
-1421403
-131111 (base 4) to base 15
-852
-3564 (base 11) to base 8
-11074
What is -4a32 (base 15) in base 7?
-64025
80 (base 12) to base 13
75
-342 (base 11) to base 15
-1c4
What is 392 (base 11) in base 13?
299
Convert 12078 (base 9) to base 14.
2d3c
Convert 7ba9 (base 12) to base 8.
32761
Convert -828 (base 16) to base 9.
-2770
What is 39 (base 16) in base 7?
111
Convert -1033033 (base 4) to base 3.
-20221211
4283 (base 10) to base 11
3244
-643 (base 10) to base 8
-1203
Convert 1858 (base 9) to base 6.
10342
What is 2199 (base 12) in base 10?
3717
Convert -13121 (base 6) to base 10.
-1993
What is -1766 (base 8) in base 11?
-842
Convert 563 (base 7) to base 12.
202
Convert 2549 (base 11) to base 3.
11112222
Convert -2056 (base 9) to base 12.
-a59
123 (base 4) to base 12
23
-5c58 (base 15) to base 4
-10303022
What is -2be (base 16) in base 4?
-22332
-14500 (base 6) to base 11
-1838
Convert 9d4 (base 15) to base 10.
2224
-195 (base 10) to base 13
-120
123155 (base 7) to base 6
253115
-2577 (base 13) to base 16
-14d9
What is -100330 (base 5) in base 6?
-22515
Convert 508 (base 13) to base 9.
1147
-201 (base 6) to base 2
-1001001
Convert 485 (base 13) to base 5.
11120
1010122 (base 3) to base 11
692
443020 (base 5) to base 8
36031
What is -2340 (base 15) in base 6?
-54353
Convert -3103413 (base 5) to base 2.
-1100010100110011
7abb (base 13) to base 16
4347
-2029 (base 10) to base 6
-13221
16e3 (base 16) to base 4
1123203
-113023 (base 5) to base 15
-135d
Convert -232132 (base 5) to base 11.
-6362
Convert 1a5 (base 15) to base 11.
316
10001101011 (base 2) to base 10
1131
What is -4153 (base 6) in base 9?
-1246
78311 (base 10) to base 7
444212
What is 2c68 (base 15) in base 10?
9548
What is -2dd (base 14) in base 13?
-362
-ac8 (base 15) to base 3
-10100022
25512 (base 6) to base 14
159a
1790 (base 14) to base 4
1002102
Convert -273 (base 8) to base 14.
-d5
8c (base 16) to base 9
165
25793 (base 11) to base 9
55534
Convert 110121 (base 3) to base 10.
340
Convert -27b7 (base 12) to base 16.
-11fb
Convert -220220 (base 3) to base 16.
-2a0
23220 (base 4) to base 2
1011101000
What is 10000111001 (base 2) in base 4?
100321
What is 313 (base 13) in base 8?
1013
15524 (base 6) to base 7
10333
Convert 451 (base 16) to base 7.
3136
Convert 223153 (base 7) to base 14.
1059a
110101001111110 (base 2) to base 13
c541
-1a (base 11) to base 3
-210
What is -1168 (base 13) in base 4?
-212110
What is 11111 (base 4) in base 16?
155
What is -1d7 (base 14) in base 13?
-238
What is 1245 (base 9) in base 7?
2501
What is 110111010001 (base 2) in base 10?
3537
7232 (base 15) to base 6
303402
What is 100000201 (base 3) in base 2?
1100110110100
What is -18817 (base 12) in base 13?
-13357
Convert -10101100001 (base 2) to base 16.
-561
What is -36036 (base 9) in base 11?
-17110
-274 (base 12) to base 11
-312
What is -1311330 (base 4) in base 7?
-31002
-c12 (base 13) to base 4
-133323
22210021 (base 3) to base 16
1906
What is 1943 (base 11) in base 3?
10101101
Convert -10120 (base 3) to base 15.
-66
484 (base 15) to base 9
1357
-1787 (base 10) to base 9
-2405
-13863 (base 10) to base 7
-55263
Convert -2289 (base 13) to base 15.
-1680
What is -1569 (base 13) in base 3?
-11021220
Convert -2142 (base 6) to base 9.
-608
What is 2233 (base 6) in base 3?
201110
What is 2b5 (base 13) in base 14?
26a
Convert 2230 (base 7) to base 5.
11210
Convert -32013 (base 4) to base 6.
-4103
What is 201010 (base 3) in base 7?
1335
Convert 11221200 (base 3) to base 4.
320121
What is -1112103 (base 4) in base 3?
-21120120
What is -135523 (base 7) in base 9?
-38574
Convert 42 (base 12) to base 13.
3b
-a6 (base 14) to base 4
-2102
Convert -187 (base 14) to base 3.
-102200
What is -428 (base 14) in base 7?
-2251
Convert -4103 (base 5) to base 6.
-2240
What is -111100011110011 (base 2) in base 10?
-30963
What is -2512 (base 16) in base 4?
-2110102
Convert -e3d (base 15) to base 7.
-12232
-740 (base 9) to base 3
-211100
What is -3022 (base 9) in base 15?
-9c2
What is 14431 (base 9) in base 8?
23145
What is 323314 (base 7) in base 15?
11aaa
What is -14ab9 (base 12) in base 15?
-89d9
What is 19a27 (base 13) in base 12?
24b75
-1332113 (base 4) to base 6
-101235
Convert -32478 (base 11) to base 5.
-3002104
-726 (base 13) to base 3
-1200000
What is 110010010010111 (base 2) in base 5?
1311001
Convert -b05 (base 15) to base 12.
-1528
10102012111 (base 3) to base 15
14db1
15150 (base 6) to base 10
2442
What is -2335 (base 9) in base 5?
-23413
1732 (base 14) to base 7
15062
Convert 90a (base 11) to base 14.
587
376 (base 8) to base 14
142
-20444 (base 5) to base 12
-966
What is -4aa72 (base 11) in base 12?
-3640b
Convert 36d (base 16) to base 3.
1012111
What is -1232211 (base 4) in base 15?
-216c
-330 (base 14) to base 10
-630
What is -10531 (base 14) in base 9?
-60081
Convert -1967 (base 12) to base 5.
-44403
Convert -10140 (base 8) to base 7.
-15136
What is -4127 (base 9) in base 11?
-22a8
28396 (base 10) to base 3
1102221201
Convert 1033 (base 11) to base 16.
557
-2244223 (base 5) to base 3
-2001122100
Convert -521 (base 12) to base 2.
-1011101001
Convert -750 (base 11) to base 5.
-12102
a61 (base 16) to base 8
5141
What is -2150 (base 9) in base 6?
-11200
-102221 (base 4) to base 14
-613
30d8 (base 16) to base 5
400004
-1664 (base 13) to base 11
-2524
202541 (base 6) to base 14
5c85
What is 1232330 (base 4) in base 14?
2832
What is 1858 (base 12) in base 2?
101110000100
Convert -1213132 (base 5) to base 13.
-a57b
What is 10000000000011 (base 2) in base 16?
2003
-10843 (base 9) to base 13
-33b7
What is -3301 (base 8) in base 6?
-12001
What is 4144 (base 5) in base 12?
399
Convert -3110001 (base 4) to base 7.
-54363
Convert -766 (base 8) to base 16.
-1f6
212201 (base 3) to base 2
1010000000
Convert 443 (base 12) to base 5.
10002
What is -1200010 (base 3) in base 5?
-14333
-8a0 (base 16) to base 15
-9c3
Convert -18d (base 16) to base 6.
-1501
What is -4725 (base 9) in base 16?
-db2
Convert 3676 (base 15) to base 13.
5373
What is -33b (base 12) in base 4?
-13133
232022 (base 4) to base 6
21402
Convert -3830 (base 14) to base 2.
-10011001110010
What is -836 (base 14) in base 9?
-2185
Convert -134220 (base 5) to base 6.
-41424
Convert -30836 (base 9) to base 11.
-14333
122111211 (base 3) to base 13
5a70
-1219 (base 10) to base 9
-1604
-212011 (base 6) to base 5
-1023122
Convert -39766 (base 11) to base 9.
-85844
Convert 159a7 (base 12) to base 6.
354331
Convert -401221 (base 5) to base 13.
-5a0b
-1010010101 (base 2) to base 4
-22111
Convert -100011110110011 (base 2) to base 14.
-6991
909 (base 11) to base 9
1450
What is -16242 (base 10) in base 8?
-37562
Convert 3558 (base 14) to base 8.
22112
Convert 3102230 (base 4) to base 14.
4cb2
What is 41433 (base 5) in base 12?
1707
a13 (base 16) to base 4
220103
23085 (base 13) to base 3
10020112210
Convert -11929 (base 10) to base 8.
-27231
-6601 (base 8) to base 15
-1057
Convert 158bb (base 13) to base 8.
120134
What is -212323 (base 6) in base 12?
-a0a3
What is 110110000011110 (base 2) in base 8?
66036
4460 (base 7) to base 8
3112
Convert 1454 (base 8) to base 6.
3432
What is 3aa (base 11) in base 14?
267
Convert 13131 (base 5) to base 11.
867
3826 (base 9) to base 4
230223
Convert -9b9